 - 10 = 0. What is the units digit of t(x)?
3
Let f(n) = n**3 - n**2 - 5*n - 1. Let y be f(5). Let p = y + -45. What is the tens digit of p?
2
Suppose -2*w - 28 = -5*c, -w = 2*c - 5 + 1. Let i(m) = m**3 - 5*m**2 + 6*m - 5. What is the units digit of i(c)?
3
What is the tens digit of 1/(-2) + -1 + (-9486)/(-68)?
3
Let m(v) = -v**2 - 9*v - 14. Let p be m(-6). Suppose p*f - 42 = 10. What is the units digit of f?
3
Suppose -g + 3 = -0. What is the units digit of 9 + ((-6)/g - 1)?
6
Let p = 115 - 57. Let k = p + -40. What is the tens digit of k?
1
What is the tens digit of 9/(-6) + (-252)/(-8)?
3
Let q(p) = 8*p**2 - 1 + 6*p - 3*p - p. Let k(i) = i + 1. Let w be k(0). What is the units digit of q(w)?
9
Let v(x) be the second derivative of 0 + 0*x**2 + 1/3*x**4 + 1/20*x**5 - 4*x - 5/6*x**3. What is the units digit of v(-4)?
0
Let p be (-1 + 2)*1*2. Let c(m) = 2*m**p + 3*m + m**3 + 2 - 4*m**2 + m - 4. What is the units digit of c(2)?
6
Suppose 0 = -3*i + 47 + 61. Let v(o) = -o**3 + 3*o**2 - o + 1. Let w be v(2). Suppose -w*l + 2*c = -i, -5*l + c + 59 = -2*c. What is the units digit of l?
0
Suppose -33*t = -28*t - 240. What is the tens digit of t?
4
Suppose 39 = h - v, -v + 2*v - 136 = -4*h. What is the units digit of h?
5
Let d(s) = -s**2 + 5*s. Let u be d(4). Let n be ((-6)/u)/(1/2). Let j = -1 - n. What is the units digit of j?
2
Suppose -n + 694 = 4*n - 2*p, 5*n + p - 688 = 0. What is the units digit of n?
8
Suppose -3*u + 15 = -2*u - 4*r, 4*r + 21 = 3*u. Let m be u*(2 - (-15)/(-9)). Suppose 2*p - 17 = m. What is the units digit of p?
9
Let b(o) = -o**2 + 11*o + 9. Let p be b(11). Suppose -5*w - p = -169. What is the units digit of w?
2
Suppose 5*u + 15 = -5. Let t(b) = b**3 + 9*b**2 + 8*b - 9. Let s be t(-8). Let h = u - s. What is the units digit of h?
5
Suppose 4*r - 327 = 377. What is the tens digit of r?
7
Let m be -2*(1 - (-6)/(-4)). Let l be (6/18)/(m/9). What is the units digit of 1/(-1) + l + 2?
4
Let t = -5 + 62. What is the tens digit of t?
5
Let g(a) = -3 - 13*a + 1 + 1 + 0. What is the units digit of g(-1)?
2
Suppose -2*b + 56 = -0*b. What is the units digit of b?
8
Suppose 4*o + 26 = -2*r, -5*o - 5 = -0*o. Let v = 35 + r. What is the units digit of v?
4
What is the units digit of 2*136 - ((-5)/5 - -2)?
1
Let u(p) = 3*p - 1. Let q(k) be the second derivative of k**4/12 - k**3/6 - k**2/2 - k. Let a be q(2). What is the units digit of u(a)?
2
Let g(x) be the second derivative of 0 + x**3 + 1/2*x**2 - 3*x. What is the units digit of g(3)?
9
Let i = -12 - -8. Let x be 1 + i - (3 - 2). Let q = x + 16. What is the units digit of q?
2
Let v be ((-40)/(-25))/(1/5). Suppose -3*t = 0, 4*t - v*t = -5*m + 10. What is the units digit of (1 - -3) + (-2)/m?
3
Let f = 31 - 29. Suppose f*s - 284 = -5*r + s, r - 72 = -4*s. What is the tens digit of r?
5
Let l = -11 - -68. What is the tens digit of l?
5
Let d be 1/((-150)/51 + 3). What is the tens digit of (d/4)/((-9)/(-36))?
1
Let c(w) = -17*w + 4 - 2 - 4. What is the units digit of c(-1)?
5
What is the units digit of 170/4 + 8/16?
3
Let x(n) = -n**2 + n + 8. Let k be x(-6). Let l = k + 58. Suppose -2*r = -0 - l. What is the tens digit of r?
1
Suppose -17*z + 11*z = -810. What is the units digit of z?
5
Suppose 0 = -2*x + 5*p + 102, 3*x + 264 = 7*x + 5*p. What is the tens digit of x?
6
Let c(y) = -y**3 - 8*y**2 - 2*y - 2. What is the tens digit of c(-8)?
1
Let r(d) = d**2 + 13*d + 11. Let c(h) = h**2 + 14*h + 12. Let u = 8 - 5. Let b(g) = u*c(g) - 4*r(g). What is the units digit of b(-8)?
8
Suppose -1 = -2*j + 3. Suppose j*b - 96 = -b. What is the units digit of b?
2
Let a = -59 - -129. Let k = 50 - a. Let l = k - -29. What is the units digit of l?
9
Let a(s) be the second derivative of 1/4*s**4 + 1/20*s**5 - 4*s + 0 + 0*s**3 - s**2. What is the units digit of a(-2)?
2
Suppose 0 = 3*h + 4*a - 85, -5*a + a = -5*h + 99. What is the units digit of h?
3
Let h(r) = -2*r**3 + r**2 + 4*r. What is the units digit of h(-3)?
1
Let k(w) = -12*w - 2. Suppose 0 = 2*u + 5*a + 2 + 7, -10 = 4*u + 2*a. What is the units digit of k(u)?
2
Let k(p) = 24*p - 3. What is the units digit of k(2)?
5
Suppose 5*a - 8*a - 36 = 0. Let t = a - -15. What is the units digit of t?
3
Suppose 5*i - 191 + 71 = 0. What is the units digit of i?
4
Let x(h) = -h**2 - 8*h - 1. Suppose -y - 1 = -5, 2*y = g + 23. Let l = -22 - g. What is the units digit of x(l)?
6
Let s be (-162)/(-8) - 1/4. Let f = s - 10. What is the tens digit of f?
1
Suppose -24 = 4*a - 116. What is the units digit of a?
3
Let x be (-1 + -1)/(5/10). Let t = 2 - x. What is the units digit of t?
6
Let v be (-4)/(-1)*(-9)/(-4). Suppose 3*r - 78 = -v. What is the units digit of r?
3
Let v be ((-8)/(-5))/(2/(-20)). Let x = v - -27. What is the units digit of x?
1
Let w(g) = g**2 + 3*g - 1. Let d = 9 + -13. Let m be w(d). What is the units digit of (2 - m)*-4 - -1?
5
Let c(n) = 62*n + 22. What is the units digit of c(4)?
0
Let m(s) = s + 6. Let h be -1 - 7 - (-3 + 0). Let w be m(h). What is the tens digit of (0 + -2)/(w/(-6))?
1
Suppose -4*v + 3*v = -5. Suppose 0 = -f - v*b + 7, 2*f - 3*f + 2*b + 7 = 0. Let h = f - 0. What is the units digit of h?
7
Suppose -3*f + 2*g - 10 = 0, 5*f - 20 = -g - 3*g. Let c = f + 0. Suppose c = -2*k + 4*k - 4. What is the units digit of k?
2
Suppose -r = -2*r - 2*z + 118, 0 = 5*z - 10. What is the hundreds digit of r?
1
Let a(g) = -3*g**2 - 7*g. Let p be a(-5). Let k = p + 80. What is the units digit of k?
0
Let s = -7 + 4. Let v(k) = -5*k + 3 + 9*k - k - 4*k. What is the units digit of v(s)?
6
Suppose 4*j - 332 = -128. What is the units digit of j?
1
Suppose 20*n + 148 = 24*n. What is the units digit of n?
7
Let d be (1 + 2)/((-6)/(-8)). Suppose -3*y = 2*a - 39, 2*y = -d*a + 8*a + 10. What is the tens digit of y?
1
Suppose -d = 4*z - 32, 5*d + z + z - 106 = 0. What is the units digit of d?
0
Suppose -3*t - 12 = -6*t. Suppose 0*z = t*z. Let v = 1 + z. What is the units digit of v?
1
Let f(z) = z**3 - 5*z**2 + 4. Let n be 2/(-10) + (-21)/(-5). Let p be f(n). What is the tens digit of 78/4 - (-6)/p?
1
Suppose 0 = k + 3*k - 12. Suppose -k*g - 7 = x, 2*x + 3*x - 3*g = 19. Suppose -x*b + 35 = 3*b. What is the units digit of b?
7
Let o(a) = -a**2 + 3*a + 4. Let n(v) = 4*v**2 - 1. Suppose -2*j = -5*p - 7, 4*p - 4*j + 5 = -3*j. Let x be n(p). What is the units digit of o(x)?
4
Let o(v) be the third derivative of 0 - 1/3*v**3 - 1/4*v**4 + 0*v + v**2 - 1/60*v**5. What is the units digit of o(-4)?
6
Suppose 0 = -4*u + 2*u + 22. What is the units digit of u?
1
Let x(c) = -c**3 - 6*c**2 + 6*c + 6. What is the units digit of x(-7)?
3
Suppose -u + 9 = -1. Let k(y) = y**2 + 12*y + 2. Let p be k(-13). Suppose 2*m - u = h, -3*m - 7 + p = 2*h. What is the units digit of m?
4
Let n(i) = -20*i. Let k be n(1). Let v = -12 - k. What is the units digit of v?
8
Let w(z) = z - 3. Let f be w(13). Suppose 5*y - 4*y = f. What is the units digit of y?
0
Let b(v) = v**3 - 6*v**2 + 4*v + 5. What is the tens digit of b(6)?
2
What is the units digit of 0/(3 - 8) - -10?
0
Let x(z) = z**2 + z - 3. Let n be x(-3). Let j = n - 3. What is the units digit of (-6)/(j - 9/6)?
4
Let i(g) = 2*g - g + 4 + 12. What is the units digit of i(-9)?
7
Let g(h) be the first derivative of h**4/4 + 7*h**3/3 + 3*h**2/2 + 8*h - 2. What is the tens digit of g(-6)?
2
Let o = -29 - -50. What is the units digit of o?
1
Suppose -645 = -4*p + 91. What is the tens digit of p?
8
Let d = -23 + 14. Let g = d - -13. What is the units digit of g?
4
Let c = -6 - -8. Suppose 0 = -c*t - 3*t + 15. What is the units digit of t?
3
Suppose -53*v + 200 = -49*v. What is the tens digit of v?
5
Let p = 7 - 5. Suppose p*v = 15 - 39. Let q = 18 + v. What is the units digit of q?
6
Let k be (-4)/(-4)*(1 + 1). What is the tens digit of (1 - k)*(-13 - -1)?
1
Suppose -4*k - 3*s = 6, 0*k + 6 = 3*k - 3*s. Suppose -c = -k*c. Let w = c - -1. What is the units digit of w?
1
Let u(l) = -l**2 - 4*l + 3. Let o be u(-3). Let m = o - 4. Suppose -2*c + c + 18 = 5*q, m*c - 3*q = 10. What is the units digit of c?
8
Let j(g) = 3*g + 11. What is the units digit of j(5)?
6
Suppose 2*z - 3*y = z - 15, -5*y + 25 = 0. Suppose 4*p - 60 = -z*p. What is the units digit of p?
5
Let j = -9 - -13. Suppose 0 = -j*u + 64 - 0. What is the units digit of u?
